
Is 29530069 composite?
False
Is 35672927 a prime number?
True
Is 6087493 prime?
True
Is 2235791 a composite number?
False
Is 239828917 composite?
False
Is 309787861 a prime number?
True
Is 34211 a composite number?
False
Is 1049501 a prime number?
False
Is 35542339 prime?
False
Is 24629641 a composite number?
True
Is 3988919 a composite number?
True
Is 1093207 a prime number?
False
Is 126905651 a prime number?
False
Is 10624619 composite?
False
Is 464299 a composite number?
True
Is 158258369 composite?
False
Is 2541499 a prime number?
True
Is 117091487 composite?
False
Is 382643 prime?
True
Is 53854183 prime?
True
Is 1040467 composite?
True
Is 361202929 prime?
False
Is 974543 composite?
True
Is 4681507 a prime number?
True
Is 10340381 composite?
False
Is 68257913 composite?
True
Is 30551969 composite?
True
Is 1675507 composite?
False
Is 106697561 a prime number?
False
Is 87982721 composite?
True
Is 573682861 composite?
False
Is 64932223 composite?
True
Is 3164729 a prime number?
False
Is 30920321 a prime number?
True
Is 755108077 composite?
False
Is 4960367 prime?
True
Is 24613741 prime?
True
Is 13591217 composite?
False
Is 3394007 composite?
True
Is 2378539 composite?
False
Is 93335939 prime?
True
Is 465580963 prime?
True
Is 118241 a composite number?
True
Is 5074801 prime?
True
Is 2839907 prime?
False
Is 992659 a prime number?
True
Is 174388271 prime?
True
Is 407347 composite?
False
Is 98236571 a prime number?
True
Is 92802207 a prime number?
False
Is 15849062 a composite number?
True
Is 2246467 composite?
False
Is 3962461 prime?
True
Is 1685741 a composite number?
True
Is 25796443 prime?
True
Is 42834913 composite?
True
Is 4090637 a composite number?
False
Is 4801673 a composite number?
False
Is 15059117 a composite number?
True
Is 2834833 a prime number?
True
Is 19978643 prime?
True
Is 118159907 a composite number?
True
Is 26109851 a composite number?
True
Is 6883927 a composite number?
False
Is 344196173 a prime number?
False
Is 6130859 a composite number?
True
Is 5870033 prime?
False
Is 13727639 a composite number?
False
Is 240517007 a prime number?
True
Is 12609109 prime?
False
Is 28564147 a composite number?
False
Is 4295261 composite?
False
Is 3037 a prime number?
True
Is 262849271 a composite number?
False
Is 572699 prime?
True
Is 9484307 a composite number?
True
Is 10217027 a composite number?
True
Is 64705769 a composite number?
False
Is 2823389 a composite number?
False
Is 3863987 composite?
False
Is 227666089 a composite number?
True
Is 471794519 a prime number?
False
Is 74711149 prime?
True
Is 7787911 a composite number?
False
Is 11710421 composite?
True
Is 19988737 a prime number?
True
Is 31458107 composite?
True
Is 1955129 composite?
True
Is 738820535 prime?
False
Is 3146987 composite?
False
Is 2548039 a prime number?
False
Is 554810111 composite?
False
Is 55313 prime?
True
Is 342737 a composite number?
True
Is 14978 a prime number?
False
Is 1295354441 composite?
False
Is 5983531 prime?
True
Is 22207051 composite?
False
Is 514208449 a composite number?
True
Is 328742471 a prime number?
True
Is 8290169 composite?
True
Is 273471767 composite?
True
Is 20905711 prime?
True
Is 63815845 prime?
False
Is 1057343 prime?
False
Is 4793543 a prime number?
True
Is 213487993 a prime number?
True
Is 111675133 a composite number?
True
Is 782053 prime?
True
Is 220027007 composite?
False
Is 440177077 a prime number?
False
Is 19847 a prime number?
False
Is 494863657 a prime number?
True
Is 419237243 composite?
True
Is 24500977 a composite number?
False
Is 61814063 composite?
False
Is 4246369 prime?
False
Is 22949687 a prime number?
True
Is 35321303 a composite number?
False
Is 19841351 a composite number?
False
Is 498217 composite?
True
Is 79647769 prime?
True
Is 17123053 prime?
True
Is 152713487 composite?
False
Is 108983491 composite?
False
Is 429161 a prime number?
True
Is 914989633 a prime number?
True
Is 687803 prime?
False
Is 824641 prime?
True
Is 415744991 a prime number?
False
Is 18195689 composite?
False
Is 6589203 a prime number?
False
Is 116001469 prime?
True
Is 5972929 a composite number?
True
Is 1598005 a composite number?
True
Is 29886985 a prime number?
False
Is 2485403 prime?
False
Is 33800513 composite?
False
Is 40251553 composite?
False
Is 59211413 a composite number?
True
Is 137826691 prime?
False
Is 2133487 a composite number?
False
Is 5888453 composite?
False
Is 236763253 prime?
False
Is 2314457 a composite number?
True
Is 4357597 a composite number?
False
Is 275829069 composite?
True
Is 55432063 prime?
False
Is 14857985 prime?
False
Is 76844063 a composite number?
True
Is 54400523 a prime number?
False
Is 1498678 a prime number?
False
Is 94564409 prime?
False
Is 169331759 a prime number?
True
Is 119687 composite?
False
Is 17920517 a prime number?
True
Is 86974291 a composite number?
False
Is 84640961 a prime number?
False
Is 3778069 a composite number?
True
Is 5930899 a prime number?
False
Is 70227389 composite?
False
Is 15509183 a composite number?
True
Is 3295727 prime?
False
Is 7969771 composite?
False
Is 130608791 a composite number?
False
Is 3913807 a composite number?
False
Is 41227831 a composite number?
True
Is 20265251 a prime number?
False
Is 357342731 prime?
True
Is 3590897 a prime number?
True
Is 3804887 a composite number?
True
Is 42258617 a composite number?
True
Is 16132547 a composite number?
True
Is 146999623 composite?
True
Is 83722517 prime?
False
Is 238265 a composite number?
True
Is 16496147 a prime number?
False
Is 3228581 prime?
True
Is 584251 composite?
True
Is 218151951 composite?
True
Is 33503539 a composite number?
False
Is 271963105 composite?
True
Is 452579 composite?
False
Is 231026561 composite?
True
Is 447743 composite?
False
Is 476933849 a prime number?
False
Is 4397353 prime?
True
Is 35437477 a prime number?
True
Is 385471 a composite number?
False
Is 645347 a composite number?
False
Is 5663447 a composite number?
True
Is 47899 a prime number?
False
Is 143072933 prime?
True
Is 7171691 a prime number?
True
Is 1003049 a prime number?
True
Is 8179339 a prime number?
False
Is 58441949 a prime number?
True
Is 61886387 composite?
True
Is 336529751 a composite number?
True
Is 14668829 a prime number?
False
Is 5600671 composite?
False
Is 36797543 a composite number?
False
Is 4562381 composite?
False
Is 39741899 a prime number?
False
Is 1477907 a prime number?
True
Is 28440521 composite?
False
Is 37508123 a prime number?
True
Is 7875103 a composite number?
True
Is 44540813 a prime number?
True
Is 1946251 composite?
True
Is 66445013 a composite number?
False
Is 3413191 a prime number?
True
Is 41659243 a composite number?
True
Is 338206999 a prime number?
False
Is 52617 a prime number?
False
Is 119219801 composite?
False
Is 6044827 a prime number?
True
Is 2590661 prime?
False
Is 36301549 prime?
True
Is 384241145 a prime number?
False
Is 77401043 a prime number?
True
Is 5053099 a composite number?
True
Is 404819 a prime number?
True
Is 1296623 composite?
False
Is 60704101 a composite number?
False
Is 13778201 a prime number?
False
Is 304597 a composite number?
False
Is 36734309 a prime number?
True
Is 276455 composite?
True
Is 2499247 a prime number?
True
Is 15354811 a prime number?
True
Is 261733 prime?
False
Is 2513309 a composite number?
False
Is 32974294 a prime number?
False
Is 17435053 composite?
True
Is 2522867 a composite number?
False
Is 24175211 prime?
True
Is 4906511 a prime number?
False
Is 63903227 composite?
False
Is 1930174 composite?
True
Is 169731745 composite?
True
Is 9321409 a composite number?
True
Is 3926441 a prime number?
True
Is 308078011 composite?
False
Is 287631403 a composite number?
True
Is 19835041 composite?
True
Is 14291209 a composite number?
False
Is 192747455 prime?
False
Is 3630713 composite?
True
Is 95321543 a composite number?
False
Is 33641969 composite?
False
Is 22050053 a prime number?
False
Is 21295777 prime?
True
Is 4064159 prime?
False
Is 1427089 a composite number?
False
Is 753551 a composite number?
True
Is 57070711 a composite number?
False
Is 3883571 composite?
False
Is 342009227 a prime number?
False
Is 273651151 a prime number?
True
Is 1630921 composite?
True
Is 119150183 prime?
False
Is 81299131 a prime number?
True
Is 97963837 a prime number?
Tr